s of 35482.
2, 113, 157
List the prime factors of 3003536.
2, 187721
What are the prime factors of 1498047?
3, 499349
What are the prime factors of 1399629?
3, 7, 11, 73, 83
What are the prime factors of 145993?
67, 2179
List the prime factors of 262887.
3, 87629
List the prime factors of 3257297.
3257297
List the prime factors of 29455.
5, 43, 137
List the prime factors of 17016300.
2, 3, 5, 7, 37, 73
List the prime factors of 7730603.
557, 13879
List the prime factors of 6266450.
2, 5, 125329
What are the prime factors of 28075734?
2, 3, 41, 1409
List the prime factors of 178051.
263, 677
List the prime factors of 1008295.
5, 421, 479
What are the prime factors of 2474619?
3, 7, 117839
List the prime factors of 31773.
3, 7, 17, 89
List the prime factors of 2632080.
2, 3, 5, 11, 997
List the prime factors of 94353.
3, 7, 4493
What are the prime factors of 172564?
2, 7, 6163
What are the prime factors of 456353?
456353
List the prime factors of 1860648.
2, 3, 77527
What are the prime factors of 896858?
2, 509, 881
List the prime factors of 2178198.
2, 3, 11, 19, 193
List the prime factors of 785348.
2, 196337
List the prime factors of 634008.
2, 3, 26417
List the prime factors of 134421.
3, 7, 37, 173
List the prime factors of 8987230.
2, 5, 7, 128389
List the prime factors of 5477034.
2, 3, 912839
What are the prime factors of 2420162?
2, 101, 11981
What are the prime factors of 13590410?
2, 5, 73, 18617
List the prime factors of 2263237.
2263237
What are the prime factors of 274336?
2, 8573
List the prime factors of 3781853.
3781853
What are the prime factors of 63383?
241, 263
List the prime factors of 29259973.
29259973
List the prime factors of 12077352.
2, 3, 7, 31, 773
What are the prime factors of 6601582?
2, 13, 253907
What are the prime factors of 1469891?
41, 35851
What are the prime factors of 14888075?
5, 595523
What are the prime factors of 2164447?
2164447
List the prime factors of 105528.
2, 3, 4397
List the prime factors of 1733274.
2, 3, 96293
What are the prime factors of 32290230?
2, 3, 5, 7, 153763
What are the prime factors of 446017?
11, 13, 3119
What are the prime factors of 16131928?
2, 53, 38047
List the prime factors of 150038.
2, 7, 1531
What are the prime factors of 141563?
53, 2671
What are the prime factors of 55719?
3, 41, 151
What are the prime factors of 329662?
2, 164831
What are the prime factors of 1452978?
2, 3, 8969
What are the prime factors of 693262?
2, 251, 1381
List the prime factors of 178180.
2, 5, 59, 151
What are the prime factors of 70308?
2, 3, 7, 31
What are the prime factors of 181662?
2, 3, 13, 17, 137
List the prime factors of 1303235.
5, 260647
List the prime factors of 266214.
2, 3, 13, 3413
List the prime factors of 3020152.
2, 17, 53, 419
List the prime factors of 32501762.
2, 37, 257, 1709
What are the prime factors of 210872?
2, 43, 613
List the prime factors of 374254.
2, 187127
What are the prime factors of 89200?
2, 5, 223
List the prime factors of 1046432.
2, 53, 617
What are the prime factors of 597079?
7, 85297
List the prime factors of 155400.
2, 3, 5, 7, 37
List the prime factors of 866315.
5, 173263
List the prime factors of 762009.
3, 254003
What are the prime factors of 4859852?
2, 1214963
List the prime factors of 289214.
2, 41, 3527
What are the prime factors of 721534?
2, 11, 32797
List the prime factors of 17545196.
2, 521, 8419
What are the prime factors of 3205215?
3, 5, 13, 5479
List the prime factors of 501401.
501401
List the prime factors of 25515.
3, 5, 7
List the prime factors of 1734331.
179, 9689
What are the prime factors of 6233496?
2, 3, 179, 1451
What are the prime factors of 9250424?
2, 1156303
List the prime factors of 2693385.
3, 5, 71, 281
List the prime factors of 836202.
2, 3, 139367
List the prime factors of 2199464.
2, 211, 1303
What are the prime factors of 177196?
2, 31, 1429
What are the prime factors of 1074560?
2, 5, 23, 73
What are the prime factors of 1989602?
2, 199, 4999
What are the prime factors of 416506?
2, 208253
List the prime factors of 877479.
3, 292493
What are the prime factors of 1784212?
2, 446053
List the prime factors of 202643.
7, 28949
List the prime factors of 188649.
3, 17, 137
List the prime factors of 135522.
2, 3, 7529
What are the prime factors of 64147?
23, 2789
List the prime factors of 2155776.
2, 3, 7, 401
What are the prime factors of 795588?
2, 3, 167, 397
What are the prime factors of 3204727?
71, 45137
List the prime factors of 3106828.
2, 29, 26783
What are the prime factors of 1326271?
1326271
What are the prime factors of 1025299?
11, 83, 1123
List the prime factors of 3250182.
2, 3, 13, 41669
What are the prime factors of 2058978?
2, 3, 343163
What are the prime factors of 17578192?
2, 19, 53, 1091
What are the prime factors of 353026?
2, 199, 887
List the prime factors of 24269188.
2, 37, 163981
What are the prime factors of 22098?
2, 3, 29, 127
What are the prime factors of 14534518?
2, 7267259
What are the prime factors of 2403057?
3, 801019
What are the prime factors of 4674178?
2, 2337089
List the prime factors of 480691.
557, 863
What are the prime factors of 33113?
33113
List the prime factors of 6030684.
2, 3, 11, 97, 157
List the prime factors of 9575477.
811, 11807
What are the prime factors of 620419?
89, 6971
What are the prime factors of 630155?
5, 126031
What are the prime factors of 14728206?
2, 3, 61, 40241
List the prime factors of 6361912.
2, 795239
List the prime factors of 823787.
823787
List the prime factors of 3577672.
2, 7, 29, 2203
List the prime factors of 351637.
11, 13, 2459
List the prime factors of 715765.
5, 37, 53, 73
List the prime factors of 335085.
3, 5, 89, 251
What are the prime factors of 21627?
3, 89
List the prime factors of 1174764.
2, 3, 223, 439
List the prime factors of 401183.
17, 23599
List the prime factors of 2756988.
2, 3, 13, 43, 137
What are the prime factors of 218326?
2, 173, 631
What are the prime factors of 106295?
5, 7, 3037
What are the prime factors of 550600?
2, 5, 2753
What are the prime factors of 79501?
107, 743
List the prime factors of 8248174.
2, 11, 43, 8719
List the prime factors of 7824791.
13, 89, 6763
What are the prime factors of 812841?
3, 29, 9343
What are the prime factors of 198113?
19, 10427
What are the prime factors of 4678520?
2, 5, 7, 11, 31
List the prime factors of 1378837.
179, 7703
List the prime factors of 34194372.
2, 3, 227, 12553
List the prime factors of 1299394.
2, 649697
List the prime factors of 56682.
2, 3, 47, 67
What are the prime factors of 769302?
2, 3, 79, 541
What are the prime factors of 5745943?
7, 31, 26479
What are the prime factors of 2676661?
13, 103, 1999
List the prime factors of 2285034.
2, 3, 380839
What are the prime factors of 156897?
3, 13, 149
List the prime factors of 1780692.
2, 3, 179, 829
What are the prime factors of 42274?
2, 23, 919
What are the prime factors of 1735020?
2, 3, 5, 7, 17
What are the prime factors of 13027398?
2, 3, 373, 5821
List the prime factors of 4879545.
3, 5, 11, 29573
List the prime factors of 523044.
2, 3, 29, 167
List the prime factors of 2465378.
2, 1232689
What are the prime factors of 3313814?
2, 7, 236701
List the prime factors of 2105933.
2105933
What are the prime factors of 3573054?
2, 3, 198503
What are the prime factors of 970761?
3, 11, 23, 1279
List the prime factors of 1976286.
2, 3, 13, 1949
What are the prime factors of 681574?
2, 340787
What are the prime factors of 130278?
2, 3, 21713
List the prime factors of 240693.
3, 80231
List the prime factors of 188969.
11, 41, 419
List the prime factors of 1302095.
5, 260419
What are the prime factors of 3111980?
2, 5, 155599
What are the prime factors of 3255171?
3, 373, 2909
List the prime factors of 365141.
7, 52163
What are the prime factors of 426306?
2, 3, 227, 313
List the prime factors of 25039169.
19, 619, 2129
What are the prime factors of 90485?
5, 18097
What are the prime factors of 8250042?
2, 3, 1375007
What are the prime factors of 6439448?
2, 23, 79, 443
What are the prime factors of 193006?
2, 11, 31, 283
What are the prime factors of 1082652?
2, 3, 83, 1087
List the prime factors of 282592.
2, 8831
List the prime factors of 3106173.
3, 7, 23, 59, 109
List the prime factors of 335709.
